(a) = 2*a**2 - 60*a + 7. Let f be t(30). Calculate the greatest common factor of 497 and f.
7
Let q be 56/(-20)*-35 + 6. Calculate the greatest common divisor of 130 and q.
26
Let h = -632 + 666. What is the highest common divisor of 442 and h?
34
Suppose 6 = -3*y, 3*p - y = -3*y + 23. Let c be (-51)/(-6) - (4 + -2)/(-4). What is the greatest common factor of p and c?
9
Let v be (-2)/2 - -2 - -106. Let s = 25 + v. What is the greatest common divisor of s and 12?
12
Let j(c) be the second derivative of -2*c**3 + c**2/2 - 8*c. Let t be j(1). Let k(u) = -5*u + 17. Let n be k(t). Calculate the highest common factor of n and 9.
9
Suppose -o = -4*o - 3*h + 69, -4*o + h = -97. Let m be 36*(1 + 10/2). Calculate the highest common divisor of o and m.
24
Let z = 0 + -15. Let t = z - -13. Let i be ((-21)/6 - -2)*t. What is the greatest common factor of 6 and i?
3
Suppose -r = 5*j + 7, 2*r - r = -4*j - 6. Let z(a) = -4*a**3 - 1. Let h be z(j). Let s = -21 - -48. Calculate the highest common divisor of s and h.
3
Let j = 60 - 57. Suppose -j*o = o - 312. Calculate the highest common factor of 39 and o.
39
Suppose -36 = -4*y - 8. Suppose 4*m - 6*k = -7*k + 89, m + 4*k = 41. Calculate the highest common factor of m and y.
7
Suppose -4*d + 188 = -2*q, -10*d + q = -13*d + 141. Calculate the highest common factor of 47 and d.
47
Suppose 2*x - 38 = -4*n, -2*n + 61 = 3*x + 2*n. Suppose 3*d = -2*a + 40, -3*a + x = 4*d - 31. What is the greatest common divisor of 30 and d?
6
Suppose 13*x - 5033 = -1185. What is the greatest common factor of 74 and x?
74
Let n = 473 - 337. Calculate the greatest common divisor of 51 and n.
17
Let l be (-2)/9 + 871/(-9) - 2. Let w = -56 - l. Calculate the highest common divisor of 301 and w.
43
Suppose 3*u - 3099 = -3*y, 3*u = -2*y + 140 + 2958. Calculate the greatest common divisor of u and 86.
86
Let l be 0 - (-120)/6 - 10/2. Let k(f) = -f**3 - f**3 - 2 + f**3 + 6*f - 6*f**2. Let d be k(-7). What is the highest common divisor of d and l?
5
Let x = -202 + 382. Calculate the highest common factor of 120 and x.
60
Let l be 329/6 + 88/(-48) + 2. What is the greatest common factor of 35 and l?
5
Suppose -t = t - 6. Let y(a) = -a**2 + 12*a + 4. Let h be y(0). Suppose -l = h*s - 473, t*s + l - 369 = 5*l. Calculate the greatest common divisor of s and 17.
17
Suppose 0 = 5*j + 2*l - 48, -5*l = -4*j + 5*j - 5. Suppose 227 = 4*h - q - 54, 4*q + 144 = 2*h. Calculate the highest common factor of h and j.
10
Let a = 115 - 49. What is the highest common factor of a and 22?
22
Let x = 34 + -34. Suppose -5*j + 4*l + 1768 = 0, x = -j - 0*j - 4*l + 344. Calculate the highest common divisor of 32 and j.
32
Let s(d) = 4*d - 38. Let q be s(10). Let f be 7/(5/2 + -2). Let n be q + 20/(-4) + f. Calculate the highest common divisor of n and 22.
11
Let a(x) = x**3 + 5*x**2 + 4*x + 8. Let r be a(-4). Let w = r + -2. Calculate the greatest common factor of w and 24.
6
Let f = 382 - 193. Let y = -129 + f. What is the greatest common divisor of 24 and y?
12
Suppose 2*p - 218 = -5*l, 91*p - 94*p - 18 = 0. Let g = 45 - 22. Calculate the greatest common divisor of g and l.
23
Let h = 50 - 25. Let y = 17 - h. Let p = y - -13. Calculate the highest common factor of 50 and p.
5
Let r = -32 - -34. Suppose -3*x = -r*t + 67, 0 = -5*t - 3*x - x + 110. Calculate the greatest common factor of 13 and t.
13
Let g be (-9)/(-5)*540/81 - -4. What is the greatest common factor of 272 and g?
16
Suppose 1 = 2*z + 5. Suppose -3*q + 5*q - 110 = 0. Let h be z/(-11) + 870/q. What is the greatest common divisor of 4 and h?
4
Let q = -1189 - -1273. Calculate the highest common factor of q and 36.
12
Let p = 174 - 93. Let c be 1*27*(-8)/(-8). What is the highest common divisor of c and p?
27
Let z be (-2)/(-4) - 4/(56/(-10983)). What is the greatest common divisor of 5 and z?
5
Suppose 2*z = 3*a - 734, 57*a - 58*a + 5*z = -236. Calculate the greatest common divisor of 328 and a.
82
Let n(k) = -4 - 4 - 10 - 4*k + 1. Let u be n(-5). Suppose -2*o + 5*m = 16, -o + u*o + 4*m - 20 = 0. What is the greatest common divisor of 16 and o?
2
Suppose 3*p - 31 = -2*b - 0*p, -3*p + 59 = 4*b. What is the highest common factor of b and 6?
2
Suppose 178 = -5*c + 4*c. Let g be -3 - (-2 + c + 1). Let d be (-6)/(-9)*8*3. What is the greatest common factor of g and d?
16
Suppose j - 340 = 5*o, -2*j = -4 - 6. Let h = 74 + o. What is the greatest common factor of 49 and h?
7
Let l = 16 + -10. Let t(f) = 4 + l*f - 5*f - 1. Let r be t(6). Calculate the greatest common divisor of r and 9.
9
Let k be 13/(-3)*(75 - -3). Let m = 482 + k. Let w(p) = 2*p**2 - 14*p - 120. Let o be w(-6). Calculate the greatest common factor of o and m.
36
Let t = 770 + -738. Let v = 13 - -3. What is the highest common divisor of t and v?
16
Let m = 80 - 68. Suppose -4*t + 3*c = -0*c + 1, -2*c = 3*t - m. Suppose 4*l + 12 = 6*l. Calculate the greatest common factor of l and t.
2
Suppose 9*i = -102 - 87. Suppose -4*n = -2*q + 146, 2*q - 47 = n - 2*q. Let k = i - n. What is the greatest common factor of 35 and k?
7
Let m = -3 + 5. Suppose 7*q = m*q + 5. Suppose 122*t - 124*t + 22 = 0. What is the highest common divisor of q and t?
1
Suppose 0 = 5*c + o - 15, -7*c + 37 = -4*c - 5*o. Suppose -c*h - 12 = -6*h. Calculate the highest common divisor of h and 4.
2
Suppose -v = 0, v = -2*c + 108 + 4. What is the highest common divisor of c and 126?
14
Let g be (-1 + -5)*(-22)/4. Calculate the greatest common factor of g and 132.
33
Let x(w) = -w**3 + 10*w**2 - 14*w + 29. Let m be x(7). Let t be ((-16)/24)/((-4)/m). What is the highest common divisor of t and 39?
13
Let z(d) = 3*d - 9. Let v be z(-3). Let o be 1 - v - (5 - 3). Calculate the highest common divisor of o and 136.
17
Let o = -101 + 206. Let f be (-42 + 2 + -2)*(-50 - -49). Calculate the highest common factor of o and f.
21
Let p = -314 - -442. Calculate the greatest common factor of 64 and p.
64
Suppose -4 = 4*j - 32. Let s(c) = c**3 + 18*c**2 - 40*c. Let x be s(-20). Let f = j + x. Calculate the highest common factor of f and 35.
7
Let j be (0/(-4))/((-4)/(-6 + 2)). Suppose 5*s - 4*s - 9 = j. What is the highest common divisor of s and 153?
9
Let g(m) = 9*m**2 - 3*m. Let f be g(2). Suppose -10*x + 9*x = -2*u - 15, -45 = -3*x - 3*u. What is the highest common factor of f and x?
15
Let w be (81/2)/((7/(-18))/(-7)). Calculate the greatest common factor of 27 and w.
27
Let j(o) = o**2 - 2*o + 1. Let v be (-2)/(-12) + 75/(-18) - -11. Let s be j(v). Calculate the highest common divisor of 27 and s.
9
Let u = -18 + 44. Let j = 19 + u. Suppose f - 29 = -5*q, 4*f - 3*f = -2*q + 17. Calculate the greatest common divisor of f and j.
9
Let m = 592 - 307. Calculate the highest common divisor of 15 and m.
15
Let k(m) = -m**3 + m + 26. Let z be k(0). Let t be (1404/(-324))/((-2)/18). Calculate the greatest common factor of z and t.
13
Let m(g) = g**3 - 5*g**2 + 6*g - 4. Let h be m(4). Suppose o - 2*u - h = -o, 0 = 4*o - 5*u - 6. Calculate the greatest common divisor of 40 and o.
4
Suppose -2*w - 4*r + 44 = 0, -4*r - 10 = -3*w + 66. What is the highest common factor of w and 8?
8
Suppose -5*a - r = -200, -a = 4*a + 3*r - 210. Suppose -z + 98 = -2*g + 73, 0 = -2*g - 12. Calculate the highest common divisor of a and z.
13
Let p = 2 + -2. Suppose 0 = 5*s - 2*y - 32, 0*s + s + y - 12 = p. Suppose -l + s = l. What is the greatest common divisor of l and 4?
4
Let z be -4 - ((-936)/2)/(-3). Let n be ((-3)/2)/(12/z). Let p(t) = 2*t. Let y be p(2). Calculate the greatest common factor of y and n.
4
Let x(q) = 11*q**2 - 18*q + 54. Let g be x(3). Calculate the greatest common factor of g and 165.
33
Let i be 5/(90/176) + 12/54. Suppose 5*q - 4*t - 45 = 47, t = -4*q + 82. Calculate the greatest common divisor of i and q.
10
Let x(o) = o**2 - 3*o + 12. Let w be x(-21). What is the greatest common factor of w and 12?
12
Let d(x) = -39*x - 97. Let g be d(-7). What is the highest common factor of g and 11?
11
Suppose 0 = 8*v - 189 - 51. Calculate the highest common divisor of v and 270.
30
Let s = -192 - -317. Suppose -k = -0*w + 4*w + 299, -4*w - 284 = 4*k. Let m = -26 - w. What is the greatest common factor of m and s?
25
Suppose -s = x - 0*x - 15, 5*x = 3*s - 85. Suppose -24 = -0*z - 2*z + b, -z = 5*b + 10. Le